ate the remainder when 3693 is divided by 48.
45
What is the remainder when 10675 is divided by 15?
10
Calculate the remainder when 5661 is divided by 236.
233
Calculate the remainder when 1274 is divided by 61.
54
What is the remainder when 4374 is divided by 1369?
267
What is the remainder when 84919 is divided by 21?
16
What is the remainder when 7232 is divided by 7?
1
What is the remainder when 2047 is divided by 54?
49
Calculate the remainder when 16390 is divided by 1819.
19
What is the remainder when 19609 is divided by 386?
309
What is the remainder when 1354 is divided by 1267?
87
Calculate the remainder when 46604 is divided by 416.
12
Calculate the remainder when 3808 is divided by 1263.
19
Calculate the remainder when 274827 is divided by 15.
12
What is the remainder when 4513 is divided by 1470?
103
What is the remainder when 3407 is divided by 115?
72
What is the remainder when 66 is divided by 11?
0
Calculate the remainder when 1728 is divided by 382.
200
Calculate the remainder when 218876 is divided by 16.
12
Calculate the remainder when 59843 is divided by 29881.
81
What is the remainder when 499015 is divided by 276?
7
Calculate the remainder when 66553 is divided by 11091.
7
What is the remainder when 477207 is divided by 8?
7
Calculate the remainder when 237 is divided by 144.
93
What is the remainder when 11573 is divided by 2841?
209
What is the remainder when 263 is divided by 79?
26
What is the remainder when 1353838 is divided by 75?
13
Calculate the remainder when 14570 is divided by 1460.
1430
What is the remainder when 32387 is divided by 3?
2
Calculate the remainder when 538 is divided by 60.
58
What is the remainder when 3003 is divided by 485?
93
Calculate the remainder when 547593 is divided by 387.
375
What is the remainder when 40757 is divided by 109?
100
Calculate the remainder when 21731 is divided by 135.
131
Calculate the remainder when 1876 is divided by 851.
174
What is the remainder when 314127 is divided by 157?
127
Calculate the remainder when 43962 is divided by 1465.
12
Calculate the remainder when 17531 is divided by 123.
65
What is the remainder when 583014 is divided by 194337?
3
Calculate the remainder when 316476 is divided by 105489.
9
Calculate the remainder when 2027013 is divided by 35.
23
Calculate the remainder when 220 is divided by 46.
36
Calculate the remainder when 23697 is divided by 11679.
339
What is the remainder when 2213 is divided by 199?
24
What is the remainder when 148168 is divided by 823?
28
What is the remainder when 38260 is divided by 17?
10
Calculate the remainder when 20863 is divided by 11.
7
What is the remainder when 93093 is divided by 311?
104
What is the remainder when 19876 is divided by 1789?
197
What is the remainder when 16220 is divided by 232?
212
What is the remainder when 4043 is divided by 1496?
1051
What is the remainder when 52220 is divided by 2483?
77
What is the remainder when 2284 is divided by 1115?
54
Calculate the remainder when 2369 is divided by 17.
6
What is the remainder when 2519 is divided by 26?
23
What is the remainder when 796797 is divided by 57?
51
What is the remainder when 31634 is divided by 4519?
1
What is the remainder when 15725 is divided by 19?
12
What is the remainder when 27824 is divided by 352?
16
Calculate the remainder when 1400665 is divided by 202.
199
Calculate the remainder when 287149 is divided by 78.
31
Calculate the remainder when 400198 is divided by 11.
7
What is the remainder when 776 is divided by 307?
162
What is the remainder when 184742 is divided by 123?
119
Calculate the remainder when 73598 is divided by 593.
66
Calculate the remainder when 299022 is divided by 1869.
1851
Calculate the remainder when 2179 is divided by 390.
229
What is the remainder when 466287 is divided by 156?
3
What is the remainder when 7444 is divided by 7336?
108
What is the remainder when 4444 is divided by 135?
124
Calculate the remainder when 35861 is divided by 262.
229
What is the remainder when 12263678 is divided by 64?
62
What is the remainder when 1599 is divided by 449?
252
What is the remainder when 920045 is divided by 339?
338
Calculate the remainder when 16141 is divided by 138.
133
What is the remainder when 190619 is divided by 36?
35
Calculate the remainder when 124528 is divided by 556.
540
Calculate the remainder when 66835 is divided by 4.
3
Calculate the remainder when 1741 is divided by 129.
64
What is the remainder when 680 is divided by 3?
2
What is the remainder when 1425032 is divided by 299?
297
Calculate the remainder when 587508 is divided by 559.
558
What is the remainder when 14618 is divided by 7305?
8
Calculate the remainder when 338108 is divided by 3220.
8
What is the remainder when 26713 is divided by 26?
11
What is the remainder when 7836 is divided by 3912?
12
Calculate the remainder when 1685 is divided by 1470.
215
What is the remainder when 1481 is divided by 507?
467
What is the remainder when 527011 is divided by 122?
93
Calculate the remainder when 5434 is divided by 35.
9
What is the remainder when 75986 is divided by 413?
407
Calculate the remainder when 4492949 is divided by 7.
6
Calculate the remainder when 165548 is divided by 55178.
14
What is the remainder when 30008 is divided by 12?
8
What is the remainder when 295167 is divided by 30?
27
Calculate the remainder when 614334 is divided by 51193.
18
What is the remainder when 2472 is divided by 808?
48
What is the remainder when 31451 is divided by 15?
11
Calculate the remainder when 3086 is divided by 32.
14
Calculate the remainder when 722300 is divided by 114.
110
What is the remainder when 4652 is divided by 159?
41
Calculate the remainder when 44138 is divided by 4893.
101
What is the remainder when 929 is divided by 37?
4
Calculate the remainder when 27399 is divided by 9128.
15
What is the remainder when 1412 is divided by 1090?
322
Calculate the remainder when 4132 is divided by 87.
43
Calculate the remainder when 141867 is divided by 834.
87
Calculate the remainder when 6476 is divided by 174.
38
What is the remainder when 1004846 is divided by 13?
11
Calculate the remainder when 5474 is divided by 25.
24
Calculate the remainder when 487 is divided by 240.
7
Calculate the remainder when 39726 is divided by 33.
27
What is the remainder when 12044 is divided by 6019?
6
What is the remainder when 2678947 is divided by 655?
652
Calculate the remainder when 102812 is divided by 49.
10
Calculate the remainder when 2528 is divided by 52.
32
What is the remainder when 217470 is divided by 25?
20
What is the remainder when 4451 is divided by 34?
31
Calculate the remainder when 3383 is divided by 686.
639
What is the remainder when 6475 is divided by 161?
35
Calculate the remainder when 174 is divided by 78.
18
What is the remainder when 136325 is divided by 34078?
13
What is the remainder when 1811 is divided by 371?
327
Calculate the remainder when 991 is divided by 192.
31
Calculate the remainder when 326 is divided by 270.
56
What is the remainder when 25456 is divided by 1047?
328
What is the remainder when 201807 is divided by 15?
12
Calculate the remainder when 1579 is divided by 222.
25
What is the remainder when 224164 is divided by 47?
21
Calculate the remainder when 64242 is divided by 32113.
16
What is the remainder when 2757 is divided by 326?
149
What is the remainder when 110219 is divided by 60?
59
What is the remainder when 1416 is divided by 1406?
10
Calculate the remainder when 120822 is divided by 135.
132
What is the remainder when 899 is divided by 296?
11
What is the remainder when 29042 is divided by 153?
125
Calculate the remainder when 5772 is divided by 235.
132
What is the remainder when 15622178 is divided by 76?
74
Calculate the remainder when 5591 is divided by 12.
11
What is the remainder when 54695 is divided by 20?
15
Calculate the remainder when 6097 is divided by 2940.
217
What is the remainder when 12874 is divided by 2?
0
Calculate the remainder when 2844 is divided by 443.
186
Calculate the remainder when 15294 is divided by 306.
300
What is the remainder when 373271 is divided by 47?
44
Calculate the remainder when 12369 is divided by 2857.
941
Calculate the remainder when 621 is di